 5, 487, 69911
List the prime factors of 89692228.
2, 22423057
List the prime factors of 640540257.
3, 7, 449, 67933
What are the prime factors of 309834457?
309834457
List the prime factors of 76976035.
5, 1123, 13709
List the prime factors of 213439012.
2, 17, 3138809
List the prime factors of 39744379.
2617, 15187
What are the prime factors of 28836111?
3, 2113, 4549
What are the prime factors of 60955563?
3, 20318521
What are the prime factors of 463755425?
5, 7, 311, 8521
List the prime factors of 2828601573.
3, 7, 19, 53, 181, 739
List the prime factors of 14772141.
3, 23, 71363
List the prime factors of 1769706557.
47, 37653331
List the prime factors of 119560817.
181, 660557
List the prime factors of 35622668.
2, 97, 91811
List the prime factors of 33185727.
3, 73, 113, 149
What are the prime factors of 146315471?
67, 83, 317
List the prime factors of 14450231.
683, 21157
What are the prime factors of 721933068?
2, 3, 60161089
List the prime factors of 788351356.
2, 13, 15160603
List the prime factors of 268317202.
2, 19, 41, 172219
What are the prime factors of 73167357?
3, 4157, 5867
What are the prime factors of 18210642?
2, 3, 41, 74027
What are the prime factors of 38129456?
2, 2383091
List the prime factors of 242644546.
2, 121322273
List the prime factors of 3095600636.
2, 23, 33647833
What are the prime factors of 45764881?
45764881
What are the prime factors of 248961468?
2, 3, 7, 743, 3989
What are the prime factors of 58300357?
811, 71887
List the prime factors of 466428941.
11, 443, 95717
What are the prime factors of 1485057552?
2, 3, 11, 2812609
What are the prime factors of 1128679876?
2, 19, 1217, 12203
What are the prime factors of 372878512?
2, 23304907
List the prime factors of 2126097398.
2, 1063048699
What are the prime factors of 356066371?
3557, 100103
List the prime factors of 571276669.
571276669
What are the prime factors of 682214615?
5, 23, 467, 12703
List the prime factors of 72334912.
2, 13, 227, 383
What are the prime factors of 612126321?
3, 467, 661
List the prime factors of 80947121.
313, 258617
What are the prime factors of 1069374013?
41, 26082293
What are the prime factors of 805949587?
41, 3169, 6203
What are the prime factors of 1194897339?
3, 1639091
List the prime factors of 1243199953.
17, 479, 152671
List the prime factors of 3044311783.
3044311783
List the prime factors of 263063035.
5, 43, 1223549
List the prime factors of 27581122.
2, 19, 38201
List the prime factors of 117726905.
5, 43, 547567
List the prime factors of 128840948.
2, 5477, 5881
List the prime factors of 799548701.
7, 23, 1373, 3617
List the prime factors of 26009938.
2, 13004969
What are the prime factors of 31976827?
1811, 17657
What are the prime factors of 27697768?
2, 7, 97, 5099
What are the prime factors of 52104509?
1901, 27409
What are the prime factors of 2914706933?
17, 41, 83, 50383
List the prime factors of 257759839.
257759839
List the prime factors of 6589029468.
2, 3, 7, 6053, 12959
List the prime factors of 59507788.
2, 709, 20983
List the prime factors of 3073339627.
13049, 235523
What are the prime factors of 1791582935?
5, 79, 4535653
What are the prime factors of 2985264893?
13, 2467, 93083
List the prime factors of 1987431.
3, 662477
List the prime factors of 410412850.
2, 5, 59, 139123
List the prime factors of 41753438.
2, 1031, 20249
List the prime factors of 276281355.
3, 5, 7, 53699
What are the prime factors of 1178100230?
2, 5, 117810023
List the prime factors of 147617426.
2, 11, 17, 394699
What are the prime factors of 676136108?
2, 169034027
What are the prime factors of 48554744?
2, 7, 113, 7673
What are the prime factors of 192233140?
2, 5, 11, 873787
List the prime factors of 11704498.
2, 13, 67, 6719
What are the prime factors of 56279549?
431, 130579
List the prime factors of 59229452.
2, 37, 400199
List the prime factors of 1354408303.
1354408303
List the prime factors of 206528055.
3, 5, 547, 25171
List the prime factors of 223318998.
2, 3, 7, 53, 71, 157
List the prime factors of 73624007.
73624007
List the prime factors of 1540353235.
5, 773, 398539
What are the prime factors of 10035068?
2, 1567, 1601
What are the prime factors of 173476580?
2, 5, 23, 377123
List the prime factors of 3745314098.
2, 17, 29, 47, 80819
List the prime factors of 4741699741.
43, 727, 151681
What are the prime factors of 211341610?
2, 5, 47, 449663
List the prime factors of 245542078.
2, 122771039
What are the prime factors of 536520769?
269, 1994501
List the prime factors of 1154107405.
5, 11, 19, 1104409
List the prime factors of 758736529.
41, 18505769
What are the prime factors of 235424234?
2, 1193, 98669
List the prime factors of 477464781.
3, 2333, 68219
What are the prime factors of 5050950300?
2, 3, 5, 11, 29, 73, 241
What are the prime factors of 144231154?
2, 617, 116881
What are the prime factors of 241673933?
8537, 28309
What are the prime factors of 987837283?
443, 701, 3181
What are the prime factors of 40795827?
3, 13598609
List the prime factors of 81718122.
2, 3, 13619687
List the prime factors of 1139371340.
2, 5, 37, 1539691
What are the prime factors of 717216456?
2, 3, 11, 2716729
List the prime factors of 24704161.
19, 547, 2377
What are the prime factors of 599057640?
2, 3, 5, 29, 31, 617
List the prime factors of 83229458.
2, 13, 246241
List the prime factors of 100479535.
5, 13, 1545839
List the prime factors of 89166868.
2, 7, 163, 2791
List the prime factors of 463124763.
3, 701, 24469
List the prime factors of 42840926.
2, 73, 293431
What are the prime factors of 898978104?
2, 3, 1019, 12253
List the prime factors of 26326862.
2, 47, 59, 101
What are the prime factors of 401871519?
3, 7, 6378913
List the prime factors of 81049530.
2, 3, 5, 1297, 2083
What are the prime factors of 240091941?
3, 41, 1951967
What are the prime factors of 33184732?
2, 7, 61, 19429
What are the prime factors of 1147164678?
2, 3, 11, 5793761
What are the prime factors of 349836550?
2, 5, 7, 19, 31, 1697
What are the prime factors of 711999938?
2, 13, 29, 944297
List the prime factors of 17388324.
2, 3, 233, 691
What are the prime factors of 27798175?
5, 467, 2381
List the prime factors of 12109841.
37, 137, 2389
List the prime factors of 4489988404.
2, 11, 257, 397063
What are the prime factors of 2141027120?
2, 5, 2447, 10937
What are the prime factors of 1334233547?
137, 9738931
What are the prime factors of 768861083?
768861083
List the prime factors of 545521256.
2, 7, 9741451
List the prime factors of 490948398.
2, 3, 9091637
What are the prime factors of 3430967211?
3, 7, 227, 34273
List the prime factors of 4664289316.
2, 1166072329
List the prime factors of 118659806.
2, 23, 937, 2753
List the prime factors of 386838231.
3, 13, 97, 293, 349
List the prime factors of 123815926.
2, 13, 4762151
What are the prime factors of 936617363?
11, 17, 47, 61, 1747
What are the prime factors of 141028744?
2, 227, 77659
What are the prime factors of 32312020?
2, 5, 13, 124277
What are the prime factors of 88716332?
2, 2503, 8861
List the prime factors of 522814129.
22273, 23473
What are the prime factors of 1791981638?
2, 71, 12619589
List the prime factors of 378216141.
3, 991, 127217
List the prime factors of 246733868.
2, 53, 73, 107, 149
List the prime factors of 516095000.
2, 5, 233, 443
What are the prime factors of 1909784938?
2, 181, 1103, 4783
What are the prime factors of 42614389?
42614389
List the prime factors of 414158633.
7, 8452217
What are the prime factors of 3617238?
2, 3, 602873
What are the prime factors of 2334607931?
97, 24068123
List the prime factors of 546097221.
3, 19, 354839
What are the prime factors of 48182421?
3, 7, 41, 107, 523
What are the prime factors of 32790980?
2, 5, 41, 39989
What are the prime factors of 87389177?
87389177
List the prime factors of 54509106.
2, 3, 17, 534403
What are the prime factors of 13497587?
13497587
List the prime factors of 53813786.
2, 13, 2069761
List the prime factors of 371542367.
7, 53077481
List the prime factors of 3992397939.
3, 37, 47, 53, 4813
What are the prime factors of 1097194148?
2, 127, 2159831
What are the prime factors of 63791811?
3, 23, 37, 8329
List the prime factors of 8048593176.
2, 3, 13, 1559, 16547
List the pri